{"id":97,"date":"2019-10-08T22:02:11","date_gmt":"2019-10-08T20:02:11","guid":{"rendered":"http:\/\/foto-slub.home.pl\/autoinstalator\/wordpressplugins18\/?page_id=97"},"modified":"2023-03-30T21:13:39","modified_gmt":"2023-03-30T19:13:39","slug":"adaptacja-dzieci-do-przedszkola","status":"publish","type":"page","link":"https:\/\/maliartysci.schoolpage.pl\/index.php\/rodzice\/adaptacja-dzieci-do-przedszkola\/","title":{"rendered":"Adaptacja dzieci do przedszkola"},"content":{"rendered":"\n<h4 class=\"has-luminous-vivid-orange-color has-text-color wp-block-heading\"><strong>Dobry humor zabieramy i w przedszkolu si\u0119 spotykamy. Obowi\u0105zuje obuwie zamienne dla dzieci i rodzic\u00f3w!!!<\/strong><\/h4>\n\n\n\n<p>P\u00f3j\u015bcie do przedszkola jest pierwszym krokiem do samodzielno\u015bci, dlatego powinni\u015bmy do\u0142o\u017cy\u0107 wszelkich stara\u0144, aby dla ka\u017cdego dziecka te wa\u017cne do\u015bwiadczenia spo\u0142eczne by\u0142y pozytywne.<\/p>\n\n\n\n<p>Przyj\u015bcie dziecka po raz pierwszy do przedszkola jest do\u015b\u0107 istotnym wydarzeniem nie tylko dla niego , ale r\u00f3wnie\u017c dla ca\u0142ej rodziny. Dzieci przychodz\u0105 z r\u00f3\u017cnych \u015brodowisk rodzinnych. Ich rodzice prezentuj\u0105 r\u00f3\u017cne postawy, warto\u015bci i zwyczaje.<\/p>\n\n\n\n<p class=\"has-text-color\" style=\"color:#8800d1\"><strong>Najtrudniej zaadoptowa\u0107 si\u0119 do warunk\u00f3w przedszkola dzieciom kt\u00f3re:<\/strong><\/p>\n\n\n\n<ul class=\"wp-block-list\">\n<li>s\u0105 nie\u015bmia\u0142e, l\u0119kliwe,<\/li>\n\n\n\n<li>maj\u0105 nadopieku\u0144czych rodzic\u00f3w,<\/li>\n\n\n\n<li>mia\u0142y przykre kontakty z obcymi doros\u0142ymi,<\/li>\n\n\n\n<li>maj\u0105 nieudan\u0105 pr\u00f3b\u0119 adaptacji w przedszkolu,<\/li>\n\n\n\n<li>mia\u0142y dotychczas ma\u0142y kontakt z r\u00f3wie\u015bnikami.<\/li>\n<\/ul>\n\n\n\n<p class=\"has-vivid-green-cyan-color has-text-color\"><strong>Przystosowanie si\u0119 do naszych warunk\u00f3w, nieznanego \u015brodowiska nie jest \u0142atwe i mo\u017ce by\u0107 d\u0142ugotrwa\u0142e. Dlatego ten program skierowany jest do dzieci i rodzic\u00f3w, aby maksymalnie przybli\u017cy\u0107 im prac\u0119 przedszkola , by rodzice poznali wszelkie aspekty \u017cycia przedszkolnego.<\/strong><\/p>\n\n\n\n<p class=\"has-text-color\" style=\"color:#003bd1\"><em>\u201e Adaptacja, czyli przystosowanie okre\u015bla si\u0119 jako proces lub wynik procesu uzyskiwania r\u00f3wnowagi mi\u0119dzy potrzebami jednostki, a warunkami otoczenia spo\u0142ecznego\u201d. <\/em>&nbsp; <strong>Wyrazem adaptacji ma\u0142ego dziecka do przedszkola jest umiej\u0119tno\u015b\u0107 zaspokojenie potrzeb w\u0142asnych w tym \u015brodowisku oraz zdolno\u015b\u0107 do spe\u0142niania stawianych zada\u0144.<\/strong><\/p>\n\n\n\n<p class=\"has-vivid-green-cyan-color has-text-color\"><strong>Rodzice zapisuj\u0105c dziecko do przedszkola, cz\u0119sto pytaj\u0105 na ile dziecko powinno by\u0107 przygotowane , samodzielne, co powinno umie\u0107. Odpowied\u017a wi\u0105\u017ce si\u0119 z informacj\u0105 , kiedy dziecko osi\u0105ga dojrza\u0142o\u015b\u0107 przedszkoln\u0105. Gra\u017cyna Sochaczewska dr psychologii od wielu lat zajmuje si\u0119 problemami adaptacji dzieci 3 i 4 \u2013 letnich i &nbsp;tak okre\u015bla dojrza\u0142o\u015b\u0107 przedszkoln\u0105: &nbsp; \u201e jest to osi\u0105gni\u0119cie przez dziecko takiego stopnia rozwoju fizycznego, umys\u0142owego oraz spo\u0142eczno \u2013emocjonalnego, jaki pozwala mu na pozostawanie kilka godzin codziennie pod opiek\u0105 personelu przedszkola i wsp\u00f3\u0142uczestniczenie w zaj\u0119ciach tam prowadzonych\u201d .<\/strong><\/p>\n\n\n\n<p>Roz\u0142\u0105ka z rodzicami , zw\u0142aszcza z matk\u0105,  jest dla wielu dzieci bardzo trudna. Widoczne to jest w reakcjach towarzysz\u0105cych dzieciom\u2013 niekt\u00f3re p\u0142acz\u0105, inne stawiaj\u0105 op\u00f3r. \u00a0Prawd\u0105 jest ,\u017ce po pewnym czasie ( czasem jest to kilka dni, czasem nawet kilka tygodni ) wi\u0119kszo\u015b\u0107 dzieci przekonuje si\u0119 , \u017ce nie jest to takie straszne miejsce, mo\u017cna tu spotka\u0107 mi\u0142e osoby i dobrze si\u0119 pobawi\u0107.<\/p>\n\n\n\n<p>Przedszkole stara si\u0119 czyni\u0107, wszystko co tylko mo\u017cliwe, aby pobyt dziecka poza domem rodzinnym by\u0142 dla niego jak najmniej przykry, a jednocze\u015bnie korzystny dla rozwoju. &nbsp;W podejmowaniu tych dzia\u0142a\u0144 pomocny jest nauczyciel i wsp\u00f3\u0142pracuj\u0105cy z nim rodzice.<\/p>\n\n\n\n<p class=\"has-vivid-green-cyan-color has-text-color\"><strong>Czyni\u0105c przedszkole miejscem przyjaznym dla dziecka staramy si\u0119&nbsp;&nbsp;pom\u00f3c mu przyzwyczai\u0107 si\u0119 do warunk\u00f3w przedszkola:<\/strong><\/p>\n\n\n\n<ul class=\"wp-block-list\">\n<li>zapewni\u0107 odpowiednie towarzystwo,<\/li>\n\n\n\n<li>w\u0142a\u015bciwie zagospodarowa\u0107 otoczenie,<\/li>\n\n\n\n<li>czas pobytu wype\u0142ni\u0107 zaj\u0119ciami przyjemnymi, zgodnie z potrzebami dzieci,<\/li>\n\n\n\n<li>dzieciom maj\u0105cym trudno\u015bci pom\u00f3c im w przezwyci\u0119\u017ceniu,<\/li>\n\n\n\n<li>rodzic\u00f3w zapozna\u0107 z zasadami panuj\u0105cymi w przedszkolu i obowi\u0105zuj\u0105cymi zwyczajami,<\/li>\n\n\n\n<li>nawzajem pozna\u0107 si\u0119 i zaprzyja\u017ani\u0107 z dzieckiem,<\/li>\n\n\n\n<li>pokaza\u0107 rodzicom metody pracy z dzie\u0107mi.<\/li>\n<\/ul>\n\n\n\n<p class=\"has-text-color\" style=\"color:#ff0000\"><strong>Aby zapobiec negatywnym prze\u017cyciom ma\u0142ego cz\u0142owieka przy przekroczeniu progu przedszkola opracowano program adaptacyjny , kt\u00f3rego celem jest:<\/strong><\/p>\n\n\n\n<p class=\"has-vivid-cyan-blue-color has-text-color\">1. U\u0142atwienie dzieciom przekroczenie progu dom \u2013 przedszkole.<\/p>\n\n\n\n<p class=\"has-vivid-cyan-blue-color has-text-color\">2. Stwarzanie warunk\u00f3w do pe\u0142nego poznania pracy przedszkola przed przyj\u015bciem dziecka.<\/p>\n\n\n\n<p class=\"has-vivid-cyan-blue-color has-text-color\">3. Zdobycie zaufania dziecka i rodzic\u00f3w do nauczycieli i naszego przedszkola.<\/p>\n\n\n\n<p class=\"has-vivid-cyan-blue-color has-text-color\">4. Ograniczenie do minimum obci\u0105\u017cenia psychicznego podczas procesu adaptacyjnego.<\/p>\n\n\n\n<p class=\"has-vivid-cyan-blue-color has-text-color\">5. Przygotowanie dziecka do \u017cycia w nowym \u015brodowisku wychowawczym.<\/p>\n\n\n\n<p class=\"has-vivid-cyan-blue-color has-text-color\">6. Integrowanie rodzic\u00f3w mi\u0119dzy sob\u0105.<\/p>\n","protected":false},"excerpt":{"rendered":"<p>Dobry humor zabieramy i w przedszkolu si\u0119 spotykamy. Obowi\u0105zuje obuwie zamienne dla dzieci i rodzic\u00f3w!!! P\u00f3j\u015bcie do przedszkola jest pierwszym krokiem do samodzielno\u015bci, dlatego powinni\u015bmy do\u0142o\u017cy\u0107 wszelkich stara\u0144, aby dla ka\u017cdego dziecka te wa\u017cne do\u015bwiadczenia spo\u0142eczne by\u0142y pozytywne. Przyj\u015bcie dziecka<\/p>\n","protected":false},"author":1,"featured_media":0,"parent":82,"menu_order":0,"comment_status":"closed","ping_status":"closed","template":"","meta":{"footnotes":""},"class_list":["post-97","page","type-page","status-publish","hentry"],"yoast_head":"<!-- This site is optimized with the Yoast SEO plugin v27.4 - https:\/\/yoast.com\/product\/yoast-seo-wordpress\/ -->\n<title>Adaptacja dzieci do przedszkola - Mali Arty\u015bci<\/title>\n<meta name=\"robots\" content=\"index, follow, max-snippet:-1, max-image-preview:large, max-video-preview:-1\" \/>\n<link rel=\"canonical\" href=\"https:\/\/maliartysci.schoolpage.pl\/index.php\/rodzice\/adaptacja-dzieci-do-przedszkola\/\" \/>\n<meta property=\"og:locale\" content=\"pl_PL\" \/>\n<meta property=\"og:type\" content=\"article\" \/>\n<meta property=\"og:title\" content=\"Adaptacja dzieci do przedszkola - Mali Arty\u015bci\" \/>\n<meta property=\"og:description\" content=\"Dobry humor zabieramy i w przedszkolu si\u0119 spotykamy. Obowi\u0105zuje obuwie zamienne dla dzieci i rodzic\u00f3w!!! P\u00f3j\u015bcie do przedszkola jest pierwszym krokiem do samodzielno\u015bci, dlatego powinni\u015bmy do\u0142o\u017cy\u0107 wszelkich stara\u0144, aby dla ka\u017cdego dziecka te wa\u017cne do\u015bwiadczenia spo\u0142eczne by\u0142y pozytywne. Przyj\u015bcie dziecka\" \/>\n<meta property=\"og:url\" content=\"https:\/\/maliartysci.schoolpage.pl\/index.php\/rodzice\/adaptacja-dzieci-do-przedszkola\/\" \/>\n<meta property=\"og:site_name\" content=\"Mali Arty\u015bci\" \/>\n<meta property=\"article:modified_time\" content=\"2023-03-30T19:13:39+00:00\" \/>\n<meta name=\"twitter:card\" content=\"summary_large_image\" \/>\n<meta name=\"twitter:label1\" content=\"Szacowany czas czytania\" \/>\n\t<meta name=\"twitter:data1\" content=\"3 minuty\" \/>\n<script type=\"application\/ld+json\" class=\"yoast-schema-graph\">{\"@context\":\"https:\\\/\\\/schema.org\",\"@graph\":[{\"@type\":\"WebPage\",\"@id\":\"https:\\\/\\\/maliartysci.schoolpage.pl\\\/index.php\\\/rodzice\\\/adaptacja-dzieci-do-przedszkola\\\/\",\"url\":\"https:\\\/\\\/maliartysci.schoolpage.pl\\\/index.php\\\/rodzice\\\/adaptacja-dzieci-do-przedszkola\\\/\",\"name\":\"Adaptacja dzieci do przedszkola - Mali Arty\u015bci\",\"isPartOf\":{\"@id\":\"https:\\\/\\\/maliartysci.schoolpage.pl\\\/#website\"},\"datePublished\":\"2019-10-08T20:02:11+00:00\",\"dateModified\":\"2023-03-30T19:13:39+00:00\",\"breadcrumb\":{\"@id\":\"https:\\\/\\\/maliartysci.schoolpage.pl\\\/index.php\\\/rodzice\\\/adaptacja-dzieci-do-przedszkola\\\/#breadcrumb\"},\"inLanguage\":\"pl-PL\",\"potentialAction\":[{\"@type\":\"ReadAction\",\"target\":[\"https:\\\/\\\/maliartysci.schoolpage.pl\\\/index.php\\\/rodzice\\\/adaptacja-dzieci-do-przedszkola\\\/\"]}]},{\"@type\":\"BreadcrumbList\",\"@id\":\"https:\\\/\\\/maliartysci.schoolpage.pl\\\/index.php\\\/rodzice\\\/adaptacja-dzieci-do-przedszkola\\\/#breadcrumb\",\"itemListElement\":[{\"@type\":\"ListItem\",\"position\":1,\"name\":\"Strona g\u0142\u00f3wna\",\"item\":\"https:\\\/\\\/maliartysci.schoolpage.pl\\\/\"},{\"@type\":\"ListItem\",\"position\":2,\"name\":\"Rodzice\",\"item\":\"https:\\\/\\\/maliartysci.schoolpage.pl\\\/index.php\\\/rodzice\\\/\"},{\"@type\":\"ListItem\",\"position\":3,\"name\":\"Adaptacja dzieci do przedszkola\"}]},{\"@type\":\"WebSite\",\"@id\":\"https:\\\/\\\/maliartysci.schoolpage.pl\\\/#website\",\"url\":\"https:\\\/\\\/maliartysci.schoolpage.pl\\\/\",\"name\":\"Mali Arty\u015bci\",\"description\":\"Niepubliczne Przedszkole\",\"publisher\":{\"@id\":\"https:\\\/\\\/maliartysci.schoolpage.pl\\\/#organization\"},\"potentialAction\":[{\"@type\":\"SearchAction\",\"target\":{\"@type\":\"EntryPoint\",\"urlTemplate\":\"https:\\\/\\\/maliartysci.schoolpage.pl\\\/?s={search_term_string}\"},\"query-input\":{\"@type\":\"PropertyValueSpecification\",\"valueRequired\":true,\"valueName\":\"search_term_string\"}}],\"inLanguage\":\"pl-PL\"},{\"@type\":\"Organization\",\"@id\":\"https:\\\/\\\/maliartysci.schoolpage.pl\\\/#organization\",\"name\":\"Mali Arty\u015bci\",\"url\":\"https:\\\/\\\/maliartysci.schoolpage.pl\\\/\",\"logo\":{\"@type\":\"ImageObject\",\"inLanguage\":\"pl-PL\",\"@id\":\"https:\\\/\\\/maliartysci.schoolpage.pl\\\/#\\\/schema\\\/logo\\\/image\\\/\",\"url\":\"https:\\\/\\\/maliartysci.schoolpage.pl\\\/wp-content\\\/uploads\\\/2019\\\/10\\\/cropped-logo-ma\u0142e72.jpg\",\"contentUrl\":\"https:\\\/\\\/maliartysci.schoolpage.pl\\\/wp-content\\\/uploads\\\/2019\\\/10\\\/cropped-logo-ma\u0142e72.jpg\",\"width\":90,\"height\":90,\"caption\":\"Mali Arty\u015bci\"},\"image\":{\"@id\":\"https:\\\/\\\/maliartysci.schoolpage.pl\\\/#\\\/schema\\\/logo\\\/image\\\/\"}}]}<\/script>\n<!-- \/ Yoast SEO plugin. -->","yoast_head_json":{"title":"Adaptacja dzieci do przedszkola - Mali Arty\u015bci","robots":{"index":"index","follow":"follow","max-snippet":"max-snippet:-1","max-image-preview":"max-image-preview:large","max-video-preview":"max-video-preview:-1"},"canonical":"https:\/\/maliartysci.schoolpage.pl\/index.php\/rodzice\/adaptacja-dzieci-do-przedszkola\/","og_locale":"pl_PL","og_type":"article","og_title":"Adaptacja dzieci do przedszkola - Mali Arty\u015bci","og_description":"Dobry humor zabieramy i w przedszkolu si\u0119 spotykamy. Obowi\u0105zuje obuwie zamienne dla dzieci i rodzic\u00f3w!!! P\u00f3j\u015bcie do przedszkola jest pierwszym krokiem do samodzielno\u015bci, dlatego powinni\u015bmy do\u0142o\u017cy\u0107 wszelkich stara\u0144, aby dla ka\u017cdego dziecka te wa\u017cne do\u015bwiadczenia spo\u0142eczne by\u0142y pozytywne. Przyj\u015bcie dziecka","og_url":"https:\/\/maliartysci.schoolpage.pl\/index.php\/rodzice\/adaptacja-dzieci-do-przedszkola\/","og_site_name":"Mali Arty\u015bci","article_modified_time":"2023-03-30T19:13:39+00:00","twitter_card":"summary_large_image","twitter_misc":{"Szacowany czas czytania":"3 minuty"},"schema":{"@context":"https:\/\/schema.org","@graph":[{"@type":"WebPage","@id":"https:\/\/maliartysci.schoolpage.pl\/index.php\/rodzice\/adaptacja-dzieci-do-przedszkola\/","url":"https:\/\/maliartysci.schoolpage.pl\/index.php\/rodzice\/adaptacja-dzieci-do-przedszkola\/","name":"Adaptacja dzieci do przedszkola - Mali Arty\u015bci","isPartOf":{"@id":"https:\/\/maliartysci.schoolpage.pl\/#website"},"datePublished":"2019-10-08T20:02:11+00:00","dateModified":"2023-03-30T19:13:39+00:00","breadcrumb":{"@id":"https:\/\/maliartysci.schoolpage.pl\/index.php\/rodzice\/adaptacja-dzieci-do-przedszkola\/#breadcrumb"},"inLanguage":"pl-PL","potentialAction":[{"@type":"ReadAction","target":["https:\/\/maliartysci.schoolpage.pl\/index.php\/rodzice\/adaptacja-dzieci-do-przedszkola\/"]}]},{"@type":"BreadcrumbList","@id":"https:\/\/maliartysci.schoolpage.pl\/index.php\/rodzice\/adaptacja-dzieci-do-przedszkola\/#breadcrumb","itemListElement":[{"@type":"ListItem","position":1,"name":"Strona g\u0142\u00f3wna","item":"https:\/\/maliartysci.schoolpage.pl\/"},{"@type":"ListItem","position":2,"name":"Rodzice","item":"https:\/\/maliartysci.schoolpage.pl\/index.php\/rodzice\/"},{"@type":"ListItem","position":3,"name":"Adaptacja dzieci do przedszkola"}]},{"@type":"WebSite","@id":"https:\/\/maliartysci.schoolpage.pl\/#website","url":"https:\/\/maliartysci.schoolpage.pl\/","name":"Mali Arty\u015bci","description":"Niepubliczne Przedszkole","publisher":{"@id":"https:\/\/maliartysci.schoolpage.pl\/#organization"},"potentialAction":[{"@type":"SearchAction","target":{"@type":"EntryPoint","urlTemplate":"https:\/\/maliartysci.schoolpage.pl\/?s={search_term_string}"},"query-input":{"@type":"PropertyValueSpecification","valueRequired":true,"valueName":"search_term_string"}}],"inLanguage":"pl-PL"},{"@type":"Organization","@id":"https:\/\/maliartysci.schoolpage.pl\/#organization","name":"Mali Arty\u015bci","url":"https:\/\/maliartysci.schoolpage.pl\/","logo":{"@type":"ImageObject","inLanguage":"pl-PL","@id":"https:\/\/maliartysci.schoolpage.pl\/#\/schema\/logo\/image\/","url":"https:\/\/maliartysci.schoolpage.pl\/wp-content\/uploads\/2019\/10\/cropped-logo-ma\u0142e72.jpg","contentUrl":"https:\/\/maliartysci.schoolpage.pl\/wp-content\/uploads\/2019\/10\/cropped-logo-ma\u0142e72.jpg","width":90,"height":90,"caption":"Mali Arty\u015bci"},"image":{"@id":"https:\/\/maliartysci.schoolpage.pl\/#\/schema\/logo\/image\/"}}]}},"_links":{"self":[{"href":"https:\/\/maliartysci.schoolpage.pl\/index.php\/wp-json\/wp\/v2\/pages\/97","targetHints":{"allow":["GET"]}}],"collection":[{"href":"https:\/\/maliartysci.schoolpage.pl\/index.php\/wp-json\/wp\/v2\/pages"}],"about":[{"href":"https:\/\/maliartysci.schoolpage.pl\/index.php\/wp-json\/wp\/v2\/types\/page"}],"author":[{"embeddable":true,"href":"https:\/\/maliartysci.schoolpage.pl\/index.php\/wp-json\/wp\/v2\/users\/1"}],"replies":[{"embeddable":true,"href":"https:\/\/maliartysci.schoolpage.pl\/index.php\/wp-json\/wp\/v2\/comments?post=97"}],"version-history":[{"count":5,"href":"https:\/\/maliartysci.schoolpage.pl\/index.php\/wp-json\/wp\/v2\/pages\/97\/revisions"}],"predecessor-version":[{"id":830,"href":"https:\/\/maliartysci.schoolpage.pl\/index.php\/wp-json\/wp\/v2\/pages\/97\/revisions\/830"}],"up":[{"embeddable":true,"href":"https:\/\/maliartysci.schoolpage.pl\/index.php\/wp-json\/wp\/v2\/pages\/82"}],"wp:attachment":[{"href":"https:\/\/maliartysci.schoolpage.pl\/index.php\/wp-json\/wp\/v2\/media?parent=97"}],"curies":[{"name":"wp","href":"https:\/\/api.w.org\/{rel}","templated":true}]}}