{"id":95,"date":"2019-10-08T22:01:37","date_gmt":"2019-10-08T20:01:37","guid":{"rendered":"http:\/\/foto-slub.home.pl\/autoinstalator\/wordpressplugins18\/?page_id=95"},"modified":"2019-10-13T20:56:41","modified_gmt":"2019-10-13T18:56:41","slug":"przygotowanie-dziecka","status":"publish","type":"page","link":"https:\/\/maliartysci.schoolpage.pl\/index.php\/rodzice\/przygotowanie-dziecka\/","title":{"rendered":"Przygotowanie dziecka"},"content":{"rendered":"\n<p class=\"has-text-color has-luminous-vivid-orange-color\"><strong>Jak przygotowa\u0107 dziecko do przedszkola<\/strong><\/p>\n\n\n\n<p class=\"has-text-color has-luminous-vivid-orange-color\"><em>Sposoby przygotowania dziecka (im wi\u0119cej ich wykorzystasz, tym lepiej):<\/em><\/p>\n\n\n\n<p>A. Czytanie opowiada\u0144, kt\u00f3rych bohaterowie chodz\u0105 do przedszkola.<\/p>\n\n\n\n<p>B. Ogl\u0105dania Domowego Przedszkola w TV z odpowiednim komentarzem.<\/p>\n\n\n\n<p>C. Rozmowy o przedszkolu ze znajomym dzieckiem, kt\u00f3re lubi chodzi\u0107 do przedszkola.<\/p>\n\n\n\n<p>D. Opowie\u015bci rodzic\u00f3w jak to by\u0142o, gdy oni chodzili do przedszkola.<\/p>\n\n\n\n<p>E. U\u015bwiadomienie dziecku zalet przedszkola \u2013 wielu nowych koleg\u00f3w do zabawy, du\u017co zabawek, wychowawczyni, kt\u00f3ra zna ciekawe zabawy, wierszyki i piosenki (ale bez przesady, nie chcemy przecie\u017c, \u017ceby potem si\u0119 rozczarowa\u0142o).<\/p>\n\n\n\n<p>F. Poinformowanie dziecka, dlaczego b\u0119dzie chodzi\u0107 do przedszkola (np. bo mama musi i\u015b\u0107 do pracy i rodzice zdecydowali, \u017ce w&nbsp;&nbsp; przedszkolu dziecko b\u0119dzie mia\u0142o najlepsz\u0105 opiek\u0119; niekt\u00f3re dzieci przyjmuj\u0105 argument, \u017ce mama chodzi do pracy, tata chodzi do pracy i dziecko ma swoj\u0105 prac\u0119, czyli przed-szkole).<\/p>\n\n\n\n<p>G. Zapoznanie z przedszkolem \u2013 ogl\u0105danie ogr\u00f3dka, sal, zabawek, kr\u00f3tki kontakt z przysz\u0142\u0105 wychowawczyni\u0105 i dzie\u0107mi, om\u00f3wienie planu dnia i przedszkolnych zwyczaj\u00f3w.<\/p>\n\n\n\n<p>H. Uczestniczenie w zaj\u0119ciach razem z mam\u0105 (niestety zazwyczaj wychowawca nie zgadza si\u0119 na to ze wzgl\u0119du na inne dzieci, kt\u00f3re widz\u0105c cudz\u0105 mam\u0119 w sali mog\u0105 si\u0119 rozp\u0142aka\u0107 z t\u0119sknoty za swoj\u0105; jednak warto spr\u00f3bowa\u0107, mo\u017ce wychowawczyni zgodzi si\u0119 na kr\u00f3tk\u0105 zabaw\u0119 pod koniec dnia, gdy dzieci jest ju\u017c tylko garstka).<\/p>\n\n\n\n<p>I. Wsp\u00f3lne kupowanie r\u0119czniczka dla przysz\u0142ego przedszkolaka.<\/p>\n\n\n\n<p>J. \u0106wiczenie z dzieckiem samoobs\u0142ugi! Dot\u0105d by\u0142o tak, \u017ce mama lepiej zna\u0142a potrzeby dziecka ni\u017c ono same, reagowa\u0142a nie tylko na s\u0142owa, ale i na gesty. W nowej sytuacji dziecko cz\u0119sto ma problem \u017ceby wyartyku\u0142owa\u0107 swoje potrzeby, dlatego wa\u017cne jest aby umia\u0142o (a chocia\u017c podejmowa\u0142o pr\u00f3by), by je zaspokoi\u0107. Du\u017co \u0142atwiej adaptuj\u0105 si\u0119 dzieci samodzielne, ni\u017c te zale\u017cne od doros\u0142ych.<\/p>\n\n\n\n<p>K. Uczestniczenie w zebraniu rodzic\u00f3w nowo przyj\u0119tych dzieci (w wielu przedszkolach panuje dobry zwyczaj ich organizowania). Jest to \u015bwietna okazja, aby si\u0119 wzajemnie pozna\u0107, zebra\u0107 informacje o dzieciach i \u017cyciu przedszkola. Dobrze by\u0142oby nawi\u0105za\u0107 kontakt z rodzicami innego dziecka z tej grupy i zapozna\u0107 bli\u017cej swoje pociechy. Gdy dziecko wchodz\u0105c do nowej grupy r\u00f3wie\u015bnik\u00f3w i zna chocia\u017c jedn\u0105 osob\u0119, mo\u017ce mu to bardzo u\u0142atwi\u0107 te pierwsze trudne dni.<\/p>\n\n\n\n<p class=\"has-text-color has-vivid-red-color\"><em>Dziecko powinno by\u0107 przygotowywane stopniowo, nie r\u00f3bmy wszystkiego na raz, rozci\u0105gnijmy ten proces w czasie, aby mog\u0142o oswoi\u0107 si\u0119 z my\u015bl\u0105 o tym, \u017ce p\u00f3jdzie do przedszkola.<\/em><\/p>\n","protected":false},"excerpt":{"rendered":"<p>Jak przygotowa\u0107 dziecko do przedszkola Sposoby przygotowania dziecka (im wi\u0119cej ich wykorzystasz, tym lepiej): A. Czytanie opowiada\u0144, kt\u00f3rych bohaterowie chodz\u0105 do przedszkola. B. Ogl\u0105dania Domowego Przedszkola w TV z odpowiednim komentarzem. C. Rozmowy o przedszkolu ze znajomym dzieckiem, kt\u00f3re lubi<\/p>\n","protected":false},"author":1,"featured_media":0,"parent":82,"menu_order":0,"comment_status":"closed","ping_status":"closed","template":"","meta":{"footnotes":""},"class_list":["post-95","page","type-page","status-publish","hentry"],"yoast_head":"<!-- This site is optimized with the Yoast SEO plugin v27.6 - https:\/\/yoast.com\/product\/yoast-seo-wordpress\/ -->\n<title>Przygotowanie dziecka - Mali Arty\u015bci<\/title>\n<meta name=\"robots\" content=\"index, follow, max-snippet:-1, max-image-preview:large, max-video-preview:-1\" \/>\n<link rel=\"canonical\" href=\"https:\/\/maliartysci.schoolpage.pl\/index.php\/rodzice\/przygotowanie-dziecka\/\" \/>\n<meta property=\"og:locale\" content=\"pl_PL\" \/>\n<meta property=\"og:type\" content=\"article\" \/>\n<meta property=\"og:title\" content=\"Przygotowanie dziecka - Mali Arty\u015bci\" \/>\n<meta property=\"og:description\" content=\"Jak przygotowa\u0107 dziecko do przedszkola Sposoby przygotowania dziecka (im wi\u0119cej ich wykorzystasz, tym lepiej): A. Czytanie opowiada\u0144, kt\u00f3rych bohaterowie chodz\u0105 do przedszkola. B. Ogl\u0105dania Domowego Przedszkola w TV z odpowiednim komentarzem. C. Rozmowy o przedszkolu ze znajomym dzieckiem, kt\u00f3re lubi\" \/>\n<meta property=\"og:url\" content=\"https:\/\/maliartysci.schoolpage.pl\/index.php\/rodzice\/przygotowanie-dziecka\/\" \/>\n<meta property=\"og:site_name\" content=\"Mali Arty\u015bci\" \/>\n<meta property=\"article:modified_time\" content=\"2019-10-13T18:56:41+00:00\" \/>\n<meta name=\"twitter:card\" content=\"summary_large_image\" \/>\n<meta name=\"twitter:label1\" content=\"Szacowany czas czytania\" \/>\n\t<meta name=\"twitter:data1\" content=\"2 minuty\" \/>\n<script type=\"application\/ld+json\" class=\"yoast-schema-graph\">{\"@context\":\"https:\\\/\\\/schema.org\",\"@graph\":[{\"@type\":\"WebPage\",\"@id\":\"https:\\\/\\\/maliartysci.schoolpage.pl\\\/index.php\\\/rodzice\\\/przygotowanie-dziecka\\\/\",\"url\":\"https:\\\/\\\/maliartysci.schoolpage.pl\\\/index.php\\\/rodzice\\\/przygotowanie-dziecka\\\/\",\"name\":\"Przygotowanie dziecka - Mali Arty\u015bci\",\"isPartOf\":{\"@id\":\"https:\\\/\\\/maliartysci.schoolpage.pl\\\/#website\"},\"datePublished\":\"2019-10-08T20:01:37+00:00\",\"dateModified\":\"2019-10-13T18:56:41+00:00\",\"breadcrumb\":{\"@id\":\"https:\\\/\\\/maliartysci.schoolpage.pl\\\/index.php\\\/rodzice\\\/przygotowanie-dziecka\\\/#breadcrumb\"},\"inLanguage\":\"pl-PL\",\"potentialAction\":[{\"@type\":\"ReadAction\",\"target\":[\"https:\\\/\\\/maliartysci.schoolpage.pl\\\/index.php\\\/rodzice\\\/przygotowanie-dziecka\\\/\"]}]},{\"@type\":\"BreadcrumbList\",\"@id\":\"https:\\\/\\\/maliartysci.schoolpage.pl\\\/index.php\\\/rodzice\\\/przygotowanie-dziecka\\\/#breadcrumb\",\"itemListElement\":[{\"@type\":\"ListItem\",\"position\":1,\"name\":\"Strona g\u0142\u00f3wna\",\"item\":\"https:\\\/\\\/maliartysci.schoolpage.pl\\\/\"},{\"@type\":\"ListItem\",\"position\":2,\"name\":\"Rodzice\",\"item\":\"https:\\\/\\\/maliartysci.schoolpage.pl\\\/index.php\\\/rodzice\\\/\"},{\"@type\":\"ListItem\",\"position\":3,\"name\":\"Przygotowanie dziecka\"}]},{\"@type\":\"WebSite\",\"@id\":\"https:\\\/\\\/maliartysci.schoolpage.pl\\\/#website\",\"url\":\"https:\\\/\\\/maliartysci.schoolpage.pl\\\/\",\"name\":\"Mali Arty\u015bci\",\"description\":\"Niepubliczne Przedszkole\",\"publisher\":{\"@id\":\"https:\\\/\\\/maliartysci.schoolpage.pl\\\/#organization\"},\"potentialAction\":[{\"@type\":\"SearchAction\",\"target\":{\"@type\":\"EntryPoint\",\"urlTemplate\":\"https:\\\/\\\/maliartysci.schoolpage.pl\\\/?s={search_term_string}\"},\"query-input\":{\"@type\":\"PropertyValueSpecification\",\"valueRequired\":true,\"valueName\":\"search_term_string\"}}],\"inLanguage\":\"pl-PL\"},{\"@type\":\"Organization\",\"@id\":\"https:\\\/\\\/maliartysci.schoolpage.pl\\\/#organization\",\"name\":\"Mali Arty\u015bci\",\"url\":\"https:\\\/\\\/maliartysci.schoolpage.pl\\\/\",\"logo\":{\"@type\":\"ImageObject\",\"inLanguage\":\"pl-PL\",\"@id\":\"https:\\\/\\\/maliartysci.schoolpage.pl\\\/#\\\/schema\\\/logo\\\/image\\\/\",\"url\":\"https:\\\/\\\/maliartysci.schoolpage.pl\\\/wp-content\\\/uploads\\\/2019\\\/10\\\/cropped-logo-ma\u0142e72.jpg\",\"contentUrl\":\"https:\\\/\\\/maliartysci.schoolpage.pl\\\/wp-content\\\/uploads\\\/2019\\\/10\\\/cropped-logo-ma\u0142e72.jpg\",\"width\":90,\"height\":90,\"caption\":\"Mali Arty\u015bci\"},\"image\":{\"@id\":\"https:\\\/\\\/maliartysci.schoolpage.pl\\\/#\\\/schema\\\/logo\\\/image\\\/\"}}]}<\/script>\n<!-- \/ Yoast SEO plugin. -->","yoast_head_json":{"title":"Przygotowanie dziecka - Mali Arty\u015bci","robots":{"index":"index","follow":"follow","max-snippet":"max-snippet:-1","max-image-preview":"max-image-preview:large","max-video-preview":"max-video-preview:-1"},"canonical":"https:\/\/maliartysci.schoolpage.pl\/index.php\/rodzice\/przygotowanie-dziecka\/","og_locale":"pl_PL","og_type":"article","og_title":"Przygotowanie dziecka - Mali Arty\u015bci","og_description":"Jak przygotowa\u0107 dziecko do przedszkola Sposoby przygotowania dziecka (im wi\u0119cej ich wykorzystasz, tym lepiej): A. Czytanie opowiada\u0144, kt\u00f3rych bohaterowie chodz\u0105 do przedszkola. B. Ogl\u0105dania Domowego Przedszkola w TV z odpowiednim komentarzem. C. Rozmowy o przedszkolu ze znajomym dzieckiem, kt\u00f3re lubi","og_url":"https:\/\/maliartysci.schoolpage.pl\/index.php\/rodzice\/przygotowanie-dziecka\/","og_site_name":"Mali Arty\u015bci","article_modified_time":"2019-10-13T18:56:41+00:00","twitter_card":"summary_large_image","twitter_misc":{"Szacowany czas czytania":"2 minuty"},"schema":{"@context":"https:\/\/schema.org","@graph":[{"@type":"WebPage","@id":"https:\/\/maliartysci.schoolpage.pl\/index.php\/rodzice\/przygotowanie-dziecka\/","url":"https:\/\/maliartysci.schoolpage.pl\/index.php\/rodzice\/przygotowanie-dziecka\/","name":"Przygotowanie dziecka - Mali Arty\u015bci","isPartOf":{"@id":"https:\/\/maliartysci.schoolpage.pl\/#website"},"datePublished":"2019-10-08T20:01:37+00:00","dateModified":"2019-10-13T18:56:41+00:00","breadcrumb":{"@id":"https:\/\/maliartysci.schoolpage.pl\/index.php\/rodzice\/przygotowanie-dziecka\/#breadcrumb"},"inLanguage":"pl-PL","potentialAction":[{"@type":"ReadAction","target":["https:\/\/maliartysci.schoolpage.pl\/index.php\/rodzice\/przygotowanie-dziecka\/"]}]},{"@type":"BreadcrumbList","@id":"https:\/\/maliartysci.schoolpage.pl\/index.php\/rodzice\/przygotowanie-dziecka\/#breadcrumb","itemListElement":[{"@type":"ListItem","position":1,"name":"Strona g\u0142\u00f3wna","item":"https:\/\/maliartysci.schoolpage.pl\/"},{"@type":"ListItem","position":2,"name":"Rodzice","item":"https:\/\/maliartysci.schoolpage.pl\/index.php\/rodzice\/"},{"@type":"ListItem","position":3,"name":"Przygotowanie dziecka"}]},{"@type":"WebSite","@id":"https:\/\/maliartysci.schoolpage.pl\/#website","url":"https:\/\/maliartysci.schoolpage.pl\/","name":"Mali Arty\u015bci","description":"Niepubliczne Przedszkole","publisher":{"@id":"https:\/\/maliartysci.schoolpage.pl\/#organization"},"potentialAction":[{"@type":"SearchAction","target":{"@type":"EntryPoint","urlTemplate":"https:\/\/maliartysci.schoolpage.pl\/?s={search_term_string}"},"query-input":{"@type":"PropertyValueSpecification","valueRequired":true,"valueName":"search_term_string"}}],"inLanguage":"pl-PL"},{"@type":"Organization","@id":"https:\/\/maliartysci.schoolpage.pl\/#organization","name":"Mali Arty\u015bci","url":"https:\/\/maliartysci.schoolpage.pl\/","logo":{"@type":"ImageObject","inLanguage":"pl-PL","@id":"https:\/\/maliartysci.schoolpage.pl\/#\/schema\/logo\/image\/","url":"https:\/\/maliartysci.schoolpage.pl\/wp-content\/uploads\/2019\/10\/cropped-logo-ma\u0142e72.jpg","contentUrl":"https:\/\/maliartysci.schoolpage.pl\/wp-content\/uploads\/2019\/10\/cropped-logo-ma\u0142e72.jpg","width":90,"height":90,"caption":"Mali Arty\u015bci"},"image":{"@id":"https:\/\/maliartysci.schoolpage.pl\/#\/schema\/logo\/image\/"}}]}},"_links":{"self":[{"href":"https:\/\/maliartysci.schoolpage.pl\/index.php\/wp-json\/wp\/v2\/pages\/95","targetHints":{"allow":["GET"]}}],"collection":[{"href":"https:\/\/maliartysci.schoolpage.pl\/index.php\/wp-json\/wp\/v2\/pages"}],"about":[{"href":"https:\/\/maliartysci.schoolpage.pl\/index.php\/wp-json\/wp\/v2\/types\/page"}],"author":[{"embeddable":true,"href":"https:\/\/maliartysci.schoolpage.pl\/index.php\/wp-json\/wp\/v2\/users\/1"}],"replies":[{"embeddable":true,"href":"https:\/\/maliartysci.schoolpage.pl\/index.php\/wp-json\/wp\/v2\/comments?post=95"}],"version-history":[{"count":2,"href":"https:\/\/maliartysci.schoolpage.pl\/index.php\/wp-json\/wp\/v2\/pages\/95\/revisions"}],"predecessor-version":[{"id":169,"href":"https:\/\/maliartysci.schoolpage.pl\/index.php\/wp-json\/wp\/v2\/pages\/95\/revisions\/169"}],"up":[{"embeddable":true,"href":"https:\/\/maliartysci.schoolpage.pl\/index.php\/wp-json\/wp\/v2\/pages\/82"}],"wp:attachment":[{"href":"https:\/\/maliartysci.schoolpage.pl\/index.php\/wp-json\/wp\/v2\/media?parent=95"}],"curies":[{"name":"wp","href":"https:\/\/api.w.org\/{rel}","templated":true}]}}