{"id":93,"date":"2019-10-08T22:01:03","date_gmt":"2019-10-08T20:01:03","guid":{"rendered":"http:\/\/foto-slub.home.pl\/autoinstalator\/wordpressplugins18\/?page_id=93"},"modified":"2020-09-14T22:04:20","modified_gmt":"2020-09-14T20:04:20","slug":"pierwszy-dzien","status":"publish","type":"page","link":"https:\/\/maliartysci.schoolpage.pl\/index.php\/rodzice\/pierwszy-dzien\/","title":{"rendered":"Pierwszy dzie\u0144"},"content":{"rendered":"\n<h3 class=\"has-luminous-vivid-orange-color has-text-color wp-block-heading\"><strong>DRODZY RODZICE!<\/strong><\/h3>\n\n\n\n<h4 class=\"has-luminous-vivid-orange-color has-text-color wp-block-heading\"><strong>Wa\u017cne, aby w pierwszych dniach przedszkola:<\/strong><\/h4>\n\n\n\n<p><strong>1. Odprowadzi\u0107 osobi\u015bcie dziecko do przedszkola.<\/strong><\/p>\n\n\n\n<p><strong>2. Da\u0107 dziecku ulubion\u0105 przytulank\u0119, zdj\u0119cie mamy<\/strong>.<\/p>\n\n\n\n<p><strong>3. Nie spieszy\u0107 si\u0119 rano, posiedzie\u0107 z dzieckiem, przytuli\u0107, zapewni\u0107, \u017ce si\u0119 po nie wr\u00f3ci.<\/strong><\/p>\n\n\n\n<p><strong>4. Pozwoli\u0107 i pom\u00f3c dziecku wyrazi\u0107 r\u00f3\u017cne uczucia: smutek, z\u0142o\u015b\u0107 czy rado\u015b\u0107 z chodzenia do przedszkola.<\/strong><\/p>\n\n\n\n<p><strong>5. Po\u017cegna\u0107 si\u0119 ciep\u0142o ale stanowczo, nie nale\u017cy pyta\u0107 dziecko o pozwolenie.<\/strong><\/p>\n\n\n\n<p><strong>6. Zawsze nale\u017cy zostawi\u0107 dziecko z pani\u0105, nawet je\u017celi przy rozstaniu troch\u0119 p\u0142acze \u2013 pani za chwil\u0119 je pocieszy. Pomocny jest rytua\u0142 machania przez okno \u2013 u\u0142atwia rozstanie dziecku i rodzicowi.<\/strong><\/p>\n\n\n\n<p><strong>7. Nigdy nie nale\u017cy ucieka\u0107, wymyka\u0107 si\u0119 po kryjomu czy oszukiwa\u0107 dziecko, \u017ce za chwil\u0119 si\u0119 po nie wr\u00f3ci.<\/strong><\/p>\n\n\n\n<p><strong>8. Je\u017celi to mo\u017cliwe, odbiera\u0107 dziecko troch\u0119 wcze\u015bniej, np. po obiedzie i stopniowo wyd\u0142u\u017ca\u0107 czas pobytu w przedszkolu.<\/strong><\/p>\n\n\n\n<p><strong>9. Mie\u0107 du\u017co czasu i cierpliwo\u015bci dla dziecka po po\u0142udniu \u2013 mo\u017ce by\u0107 ono zm\u0119czone ilo\u015bci\u0105 wra\u017ce\u0144 i reagowa\u0107 bardzo r\u00f3\u017cnie &#8211;&nbsp;&nbsp;&nbsp;&nbsp;&nbsp;&nbsp; pobudzeniem, niepokojem czy marudzeniem.<\/strong><\/p>\n\n\n\n<p><strong>10. We wszystkich sprawach, kt\u00f3re nurtuj\u0105 czy niepokoj\u0105, dobrze jest zwraca\u0107 si\u0119 do nauczycieli i dyrektora przedszkola.<\/strong><\/p>\n\n\n\n<h4 class=\"has-vivid-purple-color has-text-color wp-block-heading\"><strong>Okres adaptacji przebiega r\u00f3\u017cnie, jedno dziecko po tygodniu ma ju\u017c najgorsze za sob\u0105, inne sw\u00f3j trudny czas zaczyna dopiero po miesi\u0105cu (i to te\u017c jest normalne) \u2013 bo dopiero wtedy zrozumia\u0142o i w pe\u0142ni odczu\u0142o, \u017ce pewien etap sko\u0144czy\u0142 si\u0119 bezpowrotnie, a ono wola\u0142oby \u017ceby by\u0142o tak jak dawniej.<\/strong><\/h4>\n\n\n\n<h3 class=\"has-vivid-red-color has-text-color wp-block-heading\"><strong>Czego rodzice robi\u0107 nie powinni:<\/strong><\/h3>\n\n\n\n<p>1. Straszy\u0107 dziecko przedszkolem (\u201ePoczekaj no, ju\u017c pani w przedszkolu nauczy ci\u0119 porz\u0105dku!\u201d).<\/p>\n\n\n\n<p>2. Posy\u0142a\u0107 do przedszkola dziecka, kt\u00f3re nigdy dot\u0105d nie zostawa\u0142o bez mamy \u2013 taki pocz\u0105tek skazany jest z g\u00f3ry na niepowodzenie.<\/p>\n\n\n\n<p>3. Zagl\u0105da\u0107 po po\u017cegnaniu do sali, by sprawdzi\u0107 czy dziecko si\u0119 bawi. Je\u015bli nasza pociecha to zauwa\u017cy, reszt\u0119 dnia sp\u0119dzi przy drzwiach, bo skoro mama zajrza\u0142a raz, to mo\u017ce jeszcze raz zajrzy.<\/p>\n\n\n\n<p>4. Dzwoni\u0107 do przedszkola z pytaniem jak sobie radzi nasza pociecha. Zwykle jest tak, \u017ce rodzice niepokoj\u0105 si\u0119 du\u017co bardziej ni\u017c ich dzieci. Dziecko po 10 \u2013 15 minutach rozgl\u0105da si\u0119 woko\u0142o i zaczyna bawi\u0107, za to mama bardzo zdenerwowana dzwoni kilkakrotnie do przedszkola, by si\u0119 upewni\u0107, jakie jest samopoczucie jej dziecka. Ka\u017cdy telefon to konieczno\u015b\u0107 wyj\u015bcia z sali wychowawczyni, a wi\u0119c dodatkowe zachwianie i tak ju\u017c mocno nadszarpni\u0119tego poczucia bezpiecze\u0144stwa.<\/p>\n\n\n\n<p>5. Poddawa\u0107 si\u0119! Je\u015bli rodzice wzruszeni \u0142zami b\u0105d\u017a wkurzeni tupaniem swojej latoro\u015bli zdecyduj\u0105 si\u0119 zostawi\u0107 dziecko ,,jeszcze tylko dzisiaj\u201d w domu, jest to sygna\u0142 dla ma\u0142ego inteligenta, aby jeszcze bardziej demonstrowa\u0107 swoje niezadowolenie. Zwykle jest tak, \u017ce jedno ust\u0119pstwo rodzica sprawia, \u017ce wcze\u015bniej czy p\u00f3\u017aniej dziecko postawi na swoim i zostanie w domu na d\u0142u\u017cej. Pami\u0119taj, \u017ce nawet je\u015bli dobrze przygotujesz dziecko, i tak Tw\u00f3j maluch ma prawo wyra\u017ca\u0107 sprzeciw i niezadowolenie \u2013 w ko\u0144cu w jego \u017cyciu zasz\u0142a radykalna zmiana i potrzeba czasu, aby j\u0105 zaakceptowa\u0142. Je\u015bli przetrwacie pierwszy miesi\u0105c, dalej b\u0119dzie ju\u017c z g\u00f3rki i tylko patrze\u0107 jak Tw\u00f3j maluch z przej\u0119ciem opowie Ci o swych pierwszych przyja\u017aniach, z dum\u0105 poka\u017ce zdj\u0119cia z Balu Karnawa\u0142owego, a Tobie ze wzruszenia zakr\u0119ci si\u0119 \u0142za w oku na wyst\u0119pach z okazji Dnia Matki !!! \u017byczymy si\u0142y i wytrwa\u0142o\u015bci!<\/p>\n","protected":false},"excerpt":{"rendered":"<p>DRODZY RODZICE! Wa\u017cne, aby w pierwszych dniach przedszkola: 1. Odprowadzi\u0107 osobi\u015bcie dziecko do przedszkola. 2. Da\u0107 dziecku ulubion\u0105 przytulank\u0119, zdj\u0119cie mamy. 3. Nie spieszy\u0107 si\u0119 rano, posiedzie\u0107 z dzieckiem, przytuli\u0107, zapewni\u0107, \u017ce si\u0119 po nie wr\u00f3ci. 4. Pozwoli\u0107 i pom\u00f3c<\/p>\n","protected":false},"author":1,"featured_media":0,"parent":82,"menu_order":0,"comment_status":"closed","ping_status":"closed","template":"","meta":{"footnotes":""},"class_list":["post-93","page","type-page","status-publish","hentry"],"yoast_head":"<!-- This site is optimized with the Yoast SEO plugin v27.4 - https:\/\/yoast.com\/product\/yoast-seo-wordpress\/ -->\n<title>Pierwszy dzie\u0144 - Mali Arty\u015bci<\/title>\n<meta name=\"robots\" content=\"index, follow, max-snippet:-1, max-image-preview:large, max-video-preview:-1\" \/>\n<link rel=\"canonical\" href=\"https:\/\/maliartysci.schoolpage.pl\/index.php\/rodzice\/pierwszy-dzien\/\" \/>\n<meta property=\"og:locale\" content=\"pl_PL\" \/>\n<meta property=\"og:type\" content=\"article\" \/>\n<meta property=\"og:title\" content=\"Pierwszy dzie\u0144 - Mali Arty\u015bci\" \/>\n<meta property=\"og:description\" content=\"DRODZY RODZICE! Wa\u017cne, aby w pierwszych dniach przedszkola: 1. Odprowadzi\u0107 osobi\u015bcie dziecko do przedszkola. 2. Da\u0107 dziecku ulubion\u0105 przytulank\u0119, zdj\u0119cie mamy. 3. Nie spieszy\u0107 si\u0119 rano, posiedzie\u0107 z dzieckiem, przytuli\u0107, zapewni\u0107, \u017ce si\u0119 po nie wr\u00f3ci. 4. Pozwoli\u0107 i pom\u00f3c\" \/>\n<meta property=\"og:url\" content=\"https:\/\/maliartysci.schoolpage.pl\/index.php\/rodzice\/pierwszy-dzien\/\" \/>\n<meta property=\"og:site_name\" content=\"Mali Arty\u015bci\" \/>\n<meta property=\"article:modified_time\" content=\"2020-09-14T20:04:20+00:00\" \/>\n<meta name=\"twitter:card\" content=\"summary_large_image\" \/>\n<meta name=\"twitter:label1\" content=\"Szacowany czas czytania\" \/>\n\t<meta name=\"twitter:data1\" content=\"3 minuty\" \/>\n<script type=\"application\/ld+json\" class=\"yoast-schema-graph\">{\"@context\":\"https:\\\/\\\/schema.org\",\"@graph\":[{\"@type\":\"WebPage\",\"@id\":\"https:\\\/\\\/maliartysci.schoolpage.pl\\\/index.php\\\/rodzice\\\/pierwszy-dzien\\\/\",\"url\":\"https:\\\/\\\/maliartysci.schoolpage.pl\\\/index.php\\\/rodzice\\\/pierwszy-dzien\\\/\",\"name\":\"Pierwszy dzie\u0144 - Mali Arty\u015bci\",\"isPartOf\":{\"@id\":\"https:\\\/\\\/maliartysci.schoolpage.pl\\\/#website\"},\"datePublished\":\"2019-10-08T20:01:03+00:00\",\"dateModified\":\"2020-09-14T20:04:20+00:00\",\"breadcrumb\":{\"@id\":\"https:\\\/\\\/maliartysci.schoolpage.pl\\\/index.php\\\/rodzice\\\/pierwszy-dzien\\\/#breadcrumb\"},\"inLanguage\":\"pl-PL\",\"potentialAction\":[{\"@type\":\"ReadAction\",\"target\":[\"https:\\\/\\\/maliartysci.schoolpage.pl\\\/index.php\\\/rodzice\\\/pierwszy-dzien\\\/\"]}]},{\"@type\":\"BreadcrumbList\",\"@id\":\"https:\\\/\\\/maliartysci.schoolpage.pl\\\/index.php\\\/rodzice\\\/pierwszy-dzien\\\/#breadcrumb\",\"itemListElement\":[{\"@type\":\"ListItem\",\"position\":1,\"name\":\"Strona g\u0142\u00f3wna\",\"item\":\"https:\\\/\\\/maliartysci.schoolpage.pl\\\/\"},{\"@type\":\"ListItem\",\"position\":2,\"name\":\"Rodzice\",\"item\":\"https:\\\/\\\/maliartysci.schoolpage.pl\\\/index.php\\\/rodzice\\\/\"},{\"@type\":\"ListItem\",\"position\":3,\"name\":\"Pierwszy dzie\u0144\"}]},{\"@type\":\"WebSite\",\"@id\":\"https:\\\/\\\/maliartysci.schoolpage.pl\\\/#website\",\"url\":\"https:\\\/\\\/maliartysci.schoolpage.pl\\\/\",\"name\":\"Mali Arty\u015bci\",\"description\":\"Niepubliczne Przedszkole\",\"publisher\":{\"@id\":\"https:\\\/\\\/maliartysci.schoolpage.pl\\\/#organization\"},\"potentialAction\":[{\"@type\":\"SearchAction\",\"target\":{\"@type\":\"EntryPoint\",\"urlTemplate\":\"https:\\\/\\\/maliartysci.schoolpage.pl\\\/?s={search_term_string}\"},\"query-input\":{\"@type\":\"PropertyValueSpecification\",\"valueRequired\":true,\"valueName\":\"search_term_string\"}}],\"inLanguage\":\"pl-PL\"},{\"@type\":\"Organization\",\"@id\":\"https:\\\/\\\/maliartysci.schoolpage.pl\\\/#organization\",\"name\":\"Mali Arty\u015bci\",\"url\":\"https:\\\/\\\/maliartysci.schoolpage.pl\\\/\",\"logo\":{\"@type\":\"ImageObject\",\"inLanguage\":\"pl-PL\",\"@id\":\"https:\\\/\\\/maliartysci.schoolpage.pl\\\/#\\\/schema\\\/logo\\\/image\\\/\",\"url\":\"https:\\\/\\\/maliartysci.schoolpage.pl\\\/wp-content\\\/uploads\\\/2019\\\/10\\\/cropped-logo-ma\u0142e72.jpg\",\"contentUrl\":\"https:\\\/\\\/maliartysci.schoolpage.pl\\\/wp-content\\\/uploads\\\/2019\\\/10\\\/cropped-logo-ma\u0142e72.jpg\",\"width\":90,\"height\":90,\"caption\":\"Mali Arty\u015bci\"},\"image\":{\"@id\":\"https:\\\/\\\/maliartysci.schoolpage.pl\\\/#\\\/schema\\\/logo\\\/image\\\/\"}}]}<\/script>\n<!-- \/ Yoast SEO plugin. -->","yoast_head_json":{"title":"Pierwszy dzie\u0144 - Mali Arty\u015bci","robots":{"index":"index","follow":"follow","max-snippet":"max-snippet:-1","max-image-preview":"max-image-preview:large","max-video-preview":"max-video-preview:-1"},"canonical":"https:\/\/maliartysci.schoolpage.pl\/index.php\/rodzice\/pierwszy-dzien\/","og_locale":"pl_PL","og_type":"article","og_title":"Pierwszy dzie\u0144 - Mali Arty\u015bci","og_description":"DRODZY RODZICE! Wa\u017cne, aby w pierwszych dniach przedszkola: 1. Odprowadzi\u0107 osobi\u015bcie dziecko do przedszkola. 2. Da\u0107 dziecku ulubion\u0105 przytulank\u0119, zdj\u0119cie mamy. 3. Nie spieszy\u0107 si\u0119 rano, posiedzie\u0107 z dzieckiem, przytuli\u0107, zapewni\u0107, \u017ce si\u0119 po nie wr\u00f3ci. 4. Pozwoli\u0107 i pom\u00f3c","og_url":"https:\/\/maliartysci.schoolpage.pl\/index.php\/rodzice\/pierwszy-dzien\/","og_site_name":"Mali Arty\u015bci","article_modified_time":"2020-09-14T20:04:20+00:00","twitter_card":"summary_large_image","twitter_misc":{"Szacowany czas czytania":"3 minuty"},"schema":{"@context":"https:\/\/schema.org","@graph":[{"@type":"WebPage","@id":"https:\/\/maliartysci.schoolpage.pl\/index.php\/rodzice\/pierwszy-dzien\/","url":"https:\/\/maliartysci.schoolpage.pl\/index.php\/rodzice\/pierwszy-dzien\/","name":"Pierwszy dzie\u0144 - Mali Arty\u015bci","isPartOf":{"@id":"https:\/\/maliartysci.schoolpage.pl\/#website"},"datePublished":"2019-10-08T20:01:03+00:00","dateModified":"2020-09-14T20:04:20+00:00","breadcrumb":{"@id":"https:\/\/maliartysci.schoolpage.pl\/index.php\/rodzice\/pierwszy-dzien\/#breadcrumb"},"inLanguage":"pl-PL","potentialAction":[{"@type":"ReadAction","target":["https:\/\/maliartysci.schoolpage.pl\/index.php\/rodzice\/pierwszy-dzien\/"]}]},{"@type":"BreadcrumbList","@id":"https:\/\/maliartysci.schoolpage.pl\/index.php\/rodzice\/pierwszy-dzien\/#breadcrumb","itemListElement":[{"@type":"ListItem","position":1,"name":"Strona g\u0142\u00f3wna","item":"https:\/\/maliartysci.schoolpage.pl\/"},{"@type":"ListItem","position":2,"name":"Rodzice","item":"https:\/\/maliartysci.schoolpage.pl\/index.php\/rodzice\/"},{"@type":"ListItem","position":3,"name":"Pierwszy dzie\u0144"}]},{"@type":"WebSite","@id":"https:\/\/maliartysci.schoolpage.pl\/#website","url":"https:\/\/maliartysci.schoolpage.pl\/","name":"Mali Arty\u015bci","description":"Niepubliczne Przedszkole","publisher":{"@id":"https:\/\/maliartysci.schoolpage.pl\/#organization"},"potentialAction":[{"@type":"SearchAction","target":{"@type":"EntryPoint","urlTemplate":"https:\/\/maliartysci.schoolpage.pl\/?s={search_term_string}"},"query-input":{"@type":"PropertyValueSpecification","valueRequired":true,"valueName":"search_term_string"}}],"inLanguage":"pl-PL"},{"@type":"Organization","@id":"https:\/\/maliartysci.schoolpage.pl\/#organization","name":"Mali Arty\u015bci","url":"https:\/\/maliartysci.schoolpage.pl\/","logo":{"@type":"ImageObject","inLanguage":"pl-PL","@id":"https:\/\/maliartysci.schoolpage.pl\/#\/schema\/logo\/image\/","url":"https:\/\/maliartysci.schoolpage.pl\/wp-content\/uploads\/2019\/10\/cropped-logo-ma\u0142e72.jpg","contentUrl":"https:\/\/maliartysci.schoolpage.pl\/wp-content\/uploads\/2019\/10\/cropped-logo-ma\u0142e72.jpg","width":90,"height":90,"caption":"Mali Arty\u015bci"},"image":{"@id":"https:\/\/maliartysci.schoolpage.pl\/#\/schema\/logo\/image\/"}}]}},"_links":{"self":[{"href":"https:\/\/maliartysci.schoolpage.pl\/index.php\/wp-json\/wp\/v2\/pages\/93","targetHints":{"allow":["GET"]}}],"collection":[{"href":"https:\/\/maliartysci.schoolpage.pl\/index.php\/wp-json\/wp\/v2\/pages"}],"about":[{"href":"https:\/\/maliartysci.schoolpage.pl\/index.php\/wp-json\/wp\/v2\/types\/page"}],"author":[{"embeddable":true,"href":"https:\/\/maliartysci.schoolpage.pl\/index.php\/wp-json\/wp\/v2\/users\/1"}],"replies":[{"embeddable":true,"href":"https:\/\/maliartysci.schoolpage.pl\/index.php\/wp-json\/wp\/v2\/comments?post=93"}],"version-history":[{"count":5,"href":"https:\/\/maliartysci.schoolpage.pl\/index.php\/wp-json\/wp\/v2\/pages\/93\/revisions"}],"predecessor-version":[{"id":348,"href":"https:\/\/maliartysci.schoolpage.pl\/index.php\/wp-json\/wp\/v2\/pages\/93\/revisions\/348"}],"up":[{"embeddable":true,"href":"https:\/\/maliartysci.schoolpage.pl\/index.php\/wp-json\/wp\/v2\/pages\/82"}],"wp:attachment":[{"href":"https:\/\/maliartysci.schoolpage.pl\/index.php\/wp-json\/wp\/v2\/media?parent=93"}],"curies":[{"name":"wp","href":"https:\/\/api.w.org\/{rel}","templated":true}]}}