{"id":78,"date":"2019-10-08T21:57:24","date_gmt":"2019-10-08T19:57:24","guid":{"rendered":"http:\/\/foto-slub.home.pl\/autoinstalator\/wordpressplugins18\/?page_id=78"},"modified":"2023-06-14T15:35:56","modified_gmt":"2023-06-14T13:35:56","slug":"program-i-metody-pracy","status":"publish","type":"page","link":"https:\/\/maliartysci.schoolpage.pl\/index.php\/program-i-metody-pracy\/program-i-metody-pracy\/","title":{"rendered":"Program i metody pracy"},"content":{"rendered":"\n<p class=\"has-luminous-vivid-orange-color has-text-color\"><strong>PROGRAMY \u2013 metody , spos\u00f3b post\u0119powania przy zdobywaniu wiadomo\u015bci i umiej\u0119tno\u015bci.<\/strong><\/p>\n\n\n\n<p>Metody i formy pracy stosowane w przedszkolu zapewniaj\u0105 wychowankom atrakcyjny,tw\u00f3rczy i aktywny spos\u00f3b na osi\u0105ganie sukces\u00f3w rozwojowych.<\/p>\n\n\n\n<p>S\u0105 one oparte na metodyce wychowania przedszkolnego.<\/p>\n\n\n\n<p class=\"has-luminous-vivid-orange-color has-text-color\"><strong>METODY CZYNNE<\/strong><\/p>\n\n\n\n<p># metoda samodzielnych do\u015bwiadcze\u0144<\/p>\n\n\n\n<p># metoda kierowania w\u0142asna dzia\u0142alno\u015bci\u0105 dziecka<\/p>\n\n\n\n<p># metoda zada\u0144 stawianych dziecku<\/p>\n\n\n\n<p># metoda \u0107wicze\u0144 utrwalaj\u0105cych<\/p>\n\n\n\n<p class=\"has-luminous-vivid-orange-color has-text-color\"><strong>METODY OGL\u0104DOWE<\/strong><\/p>\n\n\n\n<p>#obserwacja i pokaz<\/p>\n\n\n\n<p>#osobisty przyk\u0142ad nauczyciela<\/p>\n\n\n\n<p>#udost\u0119pnianie sztuki-dzie\u0142a plastyczne<\/p>\n\n\n\n<p>#przedstawienia teatralne<\/p>\n\n\n\n<p>#ilustrowane artystycznie utwory literackie<\/p>\n\n\n\n<p>#koncerty muzyczne<\/p>\n\n\n\n<p class=\"has-luminous-vivid-orange-color has-text-color\"><strong>METODY S\u0141OWNE<\/strong><\/p>\n\n\n\n<p>#rozmowy<\/p>\n\n\n\n<p>#opowiadania<\/p>\n\n\n\n<p>#zagadki<\/p>\n\n\n\n<p>#obja\u015bnienia i instrukcje<\/p>\n\n\n\n<p>#metody \u017cywego s\u0142owa<\/p>\n\n\n\n<p class=\"has-vivid-green-cyan-color has-text-color\"><strong>Program,na kt\u00f3rym pracujemy ma na celu wspieranie rozwoju dziecka i zach\u0119canie do ro\u017cnego typu aktywno\u015bci,takich jak:<\/strong><\/p>\n\n\n\n<p class=\"has-text-align-center has-vivid-green-cyan-color has-text-color\"><strong>*aktywno\u015b\u0107 spo\u0142eczna<\/strong><\/p>\n\n\n\n<p class=\"has-text-align-center has-vivid-green-cyan-color has-text-color\"><strong>*aktywno\u015b\u0107 lingwistyczna<\/strong><\/p>\n\n\n\n<p class=\"has-text-align-center has-vivid-green-cyan-color has-text-color\"><strong>*aktywno\u015b\u0107 poznawcza<\/strong><\/p>\n\n\n\n<p class=\"has-text-align-center has-vivid-green-cyan-color has-text-color\"><strong>*aktywno\u015b\u0107 artystyczna<\/strong><\/p>\n\n\n\n<p class=\"has-text-align-center has-vivid-green-cyan-color has-text-color\"><strong>*aktywno\u015b\u0107 ruchowa i zdrowotna<\/strong><\/p>\n\n\n\n<p class=\"has-luminous-vivid-orange-color has-text-color\"><strong>Wyb\u00f3r metody nauczania zale\u017cy od cel\u00f3w zaj\u0119\u0107, wieku dzieci, poziomu ich wiedzy, bazy dydaktycznej przedszkola oraz\u00a0 preferencji nauczyciela.<\/strong><\/p>\n\n\n\n<p><strong>Codzienna praktyk\u0119 pedagogiczn\u0105&nbsp; nauczyciele wzbogacaj\u0105 korzystaj\u0105c z:<\/strong><\/p>\n\n\n\n<p class=\"has-text-align-left has-vivid-green-cyan-color has-text-color\"><strong>Metody Dobrego Startu -prof. Marty Bogdanowicz<\/strong><\/p>\n\n\n\n<p class=\"has-text-align-left has-vivid-green-cyan-color has-text-color\"><strong>Metodyki nauczania matematyki wg prof. Edyty Gruszczak-Kolczy\u0144skiej<\/strong><\/p>\n\n\n\n<p class=\"has-text-align-left has-vivid-green-cyan-color has-text-color\"><strong>Metody Ruchu Rozwijaj\u0105cego Weroniki Sherborne<\/strong><\/p>\n\n\n\n<p class=\"has-text-align-left has-vivid-green-cyan-color has-text-color\"><strong>Metody pracy z grup\u0105 \u201eKlanza\u201d<\/strong><\/p>\n\n\n\n<p class=\"has-text-align-left has-vivid-green-cyan-color has-text-color\"><strong>Metody wprowadzania dziecka w \u015bwiat pisma-Ireny Majchrzak<\/strong><\/p>\n\n\n\n<p class=\"has-text-align-left has-vivid-green-cyan-color has-text-color\"><strong>Metody&nbsp; symultaniczno-sekwencyjnej \u2013 prof.Jagody Cieszy\u0144skiej<\/strong><\/p>\n\n\n\n<p class=\"has-text-align-left has-vivid-green-cyan-color has-text-color\"><strong>Metody Gimnastyki Tw\u00f3rczej-R.Labana, K.Orfa, A.M. Kniess\u00f3w<\/strong><\/p>\n\n\n\n<p class=\"has-text-align-left has-vivid-green-cyan-color has-text-color\"><strong>Pedagogiki Zabawy<\/strong><\/p>\n","protected":false},"excerpt":{"rendered":"<p>PROGRAMY \u2013 metody , spos\u00f3b post\u0119powania przy zdobywaniu wiadomo\u015bci i umiej\u0119tno\u015bci. Metody i formy pracy stosowane w przedszkolu zapewniaj\u0105 wychowankom atrakcyjny,tw\u00f3rczy i aktywny spos\u00f3b na osi\u0105ganie sukces\u00f3w rozwojowych. S\u0105 one oparte na metodyce wychowania przedszkolnego. METODY CZYNNE # metoda samodzielnych<\/p>\n","protected":false},"author":1,"featured_media":0,"parent":76,"menu_order":0,"comment_status":"closed","ping_status":"closed","template":"","meta":{"footnotes":""},"class_list":["post-78","page","type-page","status-publish","hentry"],"yoast_head":"<!-- This site is optimized with the Yoast SEO plugin v27.5 - https:\/\/yoast.com\/product\/yoast-seo-wordpress\/ -->\n<title>Program i metody pracy - Mali Arty\u015bci<\/title>\n<meta name=\"robots\" content=\"index, follow, max-snippet:-1, max-image-preview:large, max-video-preview:-1\" \/>\n<link rel=\"canonical\" href=\"https:\/\/maliartysci.schoolpage.pl\/index.php\/program-i-metody-pracy\/program-i-metody-pracy\/\" \/>\n<meta property=\"og:locale\" content=\"pl_PL\" \/>\n<meta property=\"og:type\" content=\"article\" \/>\n<meta property=\"og:title\" content=\"Program i metody pracy - Mali Arty\u015bci\" \/>\n<meta property=\"og:description\" content=\"PROGRAMY \u2013 metody , spos\u00f3b post\u0119powania przy zdobywaniu wiadomo\u015bci i umiej\u0119tno\u015bci. Metody i formy pracy stosowane w przedszkolu zapewniaj\u0105 wychowankom atrakcyjny,tw\u00f3rczy i aktywny spos\u00f3b na osi\u0105ganie sukces\u00f3w rozwojowych. S\u0105 one oparte na metodyce wychowania przedszkolnego. METODY CZYNNE # metoda samodzielnych\" \/>\n<meta property=\"og:url\" content=\"https:\/\/maliartysci.schoolpage.pl\/index.php\/program-i-metody-pracy\/program-i-metody-pracy\/\" \/>\n<meta property=\"og:site_name\" content=\"Mali Arty\u015bci\" \/>\n<meta property=\"article:modified_time\" content=\"2023-06-14T13:35:56+00:00\" \/>\n<meta name=\"twitter:card\" content=\"summary_large_image\" \/>\n<meta name=\"twitter:label1\" content=\"Szacowany czas czytania\" \/>\n\t<meta name=\"twitter:data1\" content=\"2 minuty\" \/>\n<script type=\"application\/ld+json\" class=\"yoast-schema-graph\">{\"@context\":\"https:\\\/\\\/schema.org\",\"@graph\":[{\"@type\":\"WebPage\",\"@id\":\"https:\\\/\\\/maliartysci.schoolpage.pl\\\/index.php\\\/program-i-metody-pracy\\\/program-i-metody-pracy\\\/\",\"url\":\"https:\\\/\\\/maliartysci.schoolpage.pl\\\/index.php\\\/program-i-metody-pracy\\\/program-i-metody-pracy\\\/\",\"name\":\"Program i metody pracy - Mali Arty\u015bci\",\"isPartOf\":{\"@id\":\"https:\\\/\\\/maliartysci.schoolpage.pl\\\/#website\"},\"datePublished\":\"2019-10-08T19:57:24+00:00\",\"dateModified\":\"2023-06-14T13:35:56+00:00\",\"breadcrumb\":{\"@id\":\"https:\\\/\\\/maliartysci.schoolpage.pl\\\/index.php\\\/program-i-metody-pracy\\\/program-i-metody-pracy\\\/#breadcrumb\"},\"inLanguage\":\"pl-PL\",\"potentialAction\":[{\"@type\":\"ReadAction\",\"target\":[\"https:\\\/\\\/maliartysci.schoolpage.pl\\\/index.php\\\/program-i-metody-pracy\\\/program-i-metody-pracy\\\/\"]}]},{\"@type\":\"BreadcrumbList\",\"@id\":\"https:\\\/\\\/maliartysci.schoolpage.pl\\\/index.php\\\/program-i-metody-pracy\\\/program-i-metody-pracy\\\/#breadcrumb\",\"itemListElement\":[{\"@type\":\"ListItem\",\"position\":1,\"name\":\"Strona g\u0142\u00f3wna\",\"item\":\"https:\\\/\\\/maliartysci.schoolpage.pl\\\/\"},{\"@type\":\"ListItem\",\"position\":2,\"name\":\"Program i metody pracy\",\"item\":\"https:\\\/\\\/maliartysci.schoolpage.pl\\\/index.php\\\/program-i-metody-pracy\\\/\"},{\"@type\":\"ListItem\",\"position\":3,\"name\":\"Program i metody pracy\"}]},{\"@type\":\"WebSite\",\"@id\":\"https:\\\/\\\/maliartysci.schoolpage.pl\\\/#website\",\"url\":\"https:\\\/\\\/maliartysci.schoolpage.pl\\\/\",\"name\":\"Mali Arty\u015bci\",\"description\":\"Niepubliczne Przedszkole\",\"publisher\":{\"@id\":\"https:\\\/\\\/maliartysci.schoolpage.pl\\\/#organization\"},\"potentialAction\":[{\"@type\":\"SearchAction\",\"target\":{\"@type\":\"EntryPoint\",\"urlTemplate\":\"https:\\\/\\\/maliartysci.schoolpage.pl\\\/?s={search_term_string}\"},\"query-input\":{\"@type\":\"PropertyValueSpecification\",\"valueRequired\":true,\"valueName\":\"search_term_string\"}}],\"inLanguage\":\"pl-PL\"},{\"@type\":\"Organization\",\"@id\":\"https:\\\/\\\/maliartysci.schoolpage.pl\\\/#organization\",\"name\":\"Mali Arty\u015bci\",\"url\":\"https:\\\/\\\/maliartysci.schoolpage.pl\\\/\",\"logo\":{\"@type\":\"ImageObject\",\"inLanguage\":\"pl-PL\",\"@id\":\"https:\\\/\\\/maliartysci.schoolpage.pl\\\/#\\\/schema\\\/logo\\\/image\\\/\",\"url\":\"https:\\\/\\\/maliartysci.schoolpage.pl\\\/wp-content\\\/uploads\\\/2019\\\/10\\\/cropped-logo-ma\u0142e72.jpg\",\"contentUrl\":\"https:\\\/\\\/maliartysci.schoolpage.pl\\\/wp-content\\\/uploads\\\/2019\\\/10\\\/cropped-logo-ma\u0142e72.jpg\",\"width\":90,\"height\":90,\"caption\":\"Mali Arty\u015bci\"},\"image\":{\"@id\":\"https:\\\/\\\/maliartysci.schoolpage.pl\\\/#\\\/schema\\\/logo\\\/image\\\/\"}}]}<\/script>\n<!-- \/ Yoast SEO plugin. -->","yoast_head_json":{"title":"Program i metody pracy - Mali Arty\u015bci","robots":{"index":"index","follow":"follow","max-snippet":"max-snippet:-1","max-image-preview":"max-image-preview:large","max-video-preview":"max-video-preview:-1"},"canonical":"https:\/\/maliartysci.schoolpage.pl\/index.php\/program-i-metody-pracy\/program-i-metody-pracy\/","og_locale":"pl_PL","og_type":"article","og_title":"Program i metody pracy - Mali Arty\u015bci","og_description":"PROGRAMY \u2013 metody , spos\u00f3b post\u0119powania przy zdobywaniu wiadomo\u015bci i umiej\u0119tno\u015bci. Metody i formy pracy stosowane w przedszkolu zapewniaj\u0105 wychowankom atrakcyjny,tw\u00f3rczy i aktywny spos\u00f3b na osi\u0105ganie sukces\u00f3w rozwojowych. S\u0105 one oparte na metodyce wychowania przedszkolnego. METODY CZYNNE # metoda samodzielnych","og_url":"https:\/\/maliartysci.schoolpage.pl\/index.php\/program-i-metody-pracy\/program-i-metody-pracy\/","og_site_name":"Mali Arty\u015bci","article_modified_time":"2023-06-14T13:35:56+00:00","twitter_card":"summary_large_image","twitter_misc":{"Szacowany czas czytania":"2 minuty"},"schema":{"@context":"https:\/\/schema.org","@graph":[{"@type":"WebPage","@id":"https:\/\/maliartysci.schoolpage.pl\/index.php\/program-i-metody-pracy\/program-i-metody-pracy\/","url":"https:\/\/maliartysci.schoolpage.pl\/index.php\/program-i-metody-pracy\/program-i-metody-pracy\/","name":"Program i metody pracy - Mali Arty\u015bci","isPartOf":{"@id":"https:\/\/maliartysci.schoolpage.pl\/#website"},"datePublished":"2019-10-08T19:57:24+00:00","dateModified":"2023-06-14T13:35:56+00:00","breadcrumb":{"@id":"https:\/\/maliartysci.schoolpage.pl\/index.php\/program-i-metody-pracy\/program-i-metody-pracy\/#breadcrumb"},"inLanguage":"pl-PL","potentialAction":[{"@type":"ReadAction","target":["https:\/\/maliartysci.schoolpage.pl\/index.php\/program-i-metody-pracy\/program-i-metody-pracy\/"]}]},{"@type":"BreadcrumbList","@id":"https:\/\/maliartysci.schoolpage.pl\/index.php\/program-i-metody-pracy\/program-i-metody-pracy\/#breadcrumb","itemListElement":[{"@type":"ListItem","position":1,"name":"Strona g\u0142\u00f3wna","item":"https:\/\/maliartysci.schoolpage.pl\/"},{"@type":"ListItem","position":2,"name":"Program i metody pracy","item":"https:\/\/maliartysci.schoolpage.pl\/index.php\/program-i-metody-pracy\/"},{"@type":"ListItem","position":3,"name":"Program i metody pracy"}]},{"@type":"WebSite","@id":"https:\/\/maliartysci.schoolpage.pl\/#website","url":"https:\/\/maliartysci.schoolpage.pl\/","name":"Mali Arty\u015bci","description":"Niepubliczne Przedszkole","publisher":{"@id":"https:\/\/maliartysci.schoolpage.pl\/#organization"},"potentialAction":[{"@type":"SearchAction","target":{"@type":"EntryPoint","urlTemplate":"https:\/\/maliartysci.schoolpage.pl\/?s={search_term_string}"},"query-input":{"@type":"PropertyValueSpecification","valueRequired":true,"valueName":"search_term_string"}}],"inLanguage":"pl-PL"},{"@type":"Organization","@id":"https:\/\/maliartysci.schoolpage.pl\/#organization","name":"Mali Arty\u015bci","url":"https:\/\/maliartysci.schoolpage.pl\/","logo":{"@type":"ImageObject","inLanguage":"pl-PL","@id":"https:\/\/maliartysci.schoolpage.pl\/#\/schema\/logo\/image\/","url":"https:\/\/maliartysci.schoolpage.pl\/wp-content\/uploads\/2019\/10\/cropped-logo-ma\u0142e72.jpg","contentUrl":"https:\/\/maliartysci.schoolpage.pl\/wp-content\/uploads\/2019\/10\/cropped-logo-ma\u0142e72.jpg","width":90,"height":90,"caption":"Mali Arty\u015bci"},"image":{"@id":"https:\/\/maliartysci.schoolpage.pl\/#\/schema\/logo\/image\/"}}]}},"_links":{"self":[{"href":"https:\/\/maliartysci.schoolpage.pl\/index.php\/wp-json\/wp\/v2\/pages\/78","targetHints":{"allow":["GET"]}}],"collection":[{"href":"https:\/\/maliartysci.schoolpage.pl\/index.php\/wp-json\/wp\/v2\/pages"}],"about":[{"href":"https:\/\/maliartysci.schoolpage.pl\/index.php\/wp-json\/wp\/v2\/types\/page"}],"author":[{"embeddable":true,"href":"https:\/\/maliartysci.schoolpage.pl\/index.php\/wp-json\/wp\/v2\/users\/1"}],"replies":[{"embeddable":true,"href":"https:\/\/maliartysci.schoolpage.pl\/index.php\/wp-json\/wp\/v2\/comments?post=78"}],"version-history":[{"count":4,"href":"https:\/\/maliartysci.schoolpage.pl\/index.php\/wp-json\/wp\/v2\/pages\/78\/revisions"}],"predecessor-version":[{"id":894,"href":"https:\/\/maliartysci.schoolpage.pl\/index.php\/wp-json\/wp\/v2\/pages\/78\/revisions\/894"}],"up":[{"embeddable":true,"href":"https:\/\/maliartysci.schoolpage.pl\/index.php\/wp-json\/wp\/v2\/pages\/76"}],"wp:attachment":[{"href":"https:\/\/maliartysci.schoolpage.pl\/index.php\/wp-json\/wp\/v2\/media?parent=78"}],"curies":[{"name":"wp","href":"https:\/\/api.w.org\/{rel}","templated":true}]}}